{"id":14,"date":"2024-09-29T13:09:46","date_gmt":"2024-09-29T13:09:46","guid":{"rendered":"https:\/\/agjb.stefanfejfar.p01.wpspace.partners\/?page_id=14"},"modified":"2025-03-10T09:46:35","modified_gmt":"2025-03-10T09:46:35","slug":"forum-10","status":"publish","type":"page","link":"https:\/\/agjb.stefanfejfar.p01.wpspace.partners\/?page_id=14","title":{"rendered":"Arbeitshilfen"},"content":{"rendered":"\t\t<div data-elementor-type=\"wp-page\" data-elementor-id=\"14\" class=\"elementor elementor-14\">\n\t\t\t\t<div class=\"elementor-element elementor-element-01a0bd6 e-flex e-con-boxed e-con e-parent\" data-id=\"01a0bd6\" data-element_type=\"container\" data-e-type=\"container\">\n\t\t\t\t\t<div class=\"e-con-inner\">\n\t\t\t\t<div class=\"elementor-element elementor-element-da889b3 elementor-widget elementor-widget-text-editor\" data-id=\"da889b3\" data-element_type=\"widget\" data-e-type=\"widget\" data-widget_type=\"text-editor.default\">\n\t\t\t\t<div class=\"elementor-widget-container\">\n\t\t\t\t\t\t\t\t\t<p>Was ist unter Gemeindejugendarbeit\/ Gemeindejugendpflege zu verstehen?<\/p><p>Wie kann ich meine Arbeit begr\u00fcnden?<\/p><p>Was brauche ich, um meine Arbeit bestm\u00f6glich leisten zu k\u00f6nnen?<\/p><p>Der BJR hat hier in seiner Zust\u00e4ndigkeit ein umfangreiches Angebot an Arbeitshilfen und Infomaterialien zusammen mit den Fachkr\u00e4ften der jeweiligen Arbeitsfelder erstellt.<\/p><p>Den Gro\u00dfteil davon k\u00f6nnt Ihr Euch kostenlos im\u00a0<a href=\"https:\/\/shop.bjr.de\/arbeitshilfen\/?p=1\">BJR-Shop<\/a> downloaden <img decoding=\"async\" class=\"emoji\" role=\"img\" draggable=\"false\" src=\"https:\/\/s.w.org\/images\/core\/emoji\/15.0.3\/svg\/1f642.svg\" alt=\"\ud83d\ude42\" \/><\/p><p>Solltet Ihr dar\u00fcber hinaus etwas ben\u00f6tigen oder suchen, wendet Euch gerne an uns!<\/p><p>Die Begleitung, Unterst\u00fctzung, Beratung und Weiterentwicklung der hauptberuflichen Arbeitsfelder der Jugendarbeit in Bayern sind dem BJR zugewiesen.<\/p><p>Die genauen Rahmenbedingungen k\u00f6nnt Ihr hier nachlesen:<\/p><p><a href=\"https:\/\/agjb.stefanfejfar.p01.wpspace.partners\/wp-content\/uploads\/2025\/03\/2020-09-22_funktions-_und_leistungspapier25.pdf\">Funktions-_und_Leistungspapier Gemeindejugendarbeit<\/a><\/p>\t\t\t\t\t\t\t\t<\/div>\n\t\t\t\t<\/div>\n\t\t\t\t\t<\/div>\n\t\t\t\t<\/div>\n\t\t\t\t<\/div>\n\t\t","protected":false},"excerpt":{"rendered":"<p>Was ist unter Gemeindejugendarbeit\/ Gemeindejugendpflege zu verstehen? Wie kann ich meine Arbeit begr\u00fcnden? Was brauche ich, um meine Arbeit bestm\u00f6glich leisten zu k\u00f6nnen? Der BJR hat hier in seiner Zust\u00e4ndigkeit ein umfangreiches Angebot an Arbeitshilfen und Infomaterialien zusammen mit den Fachkr\u00e4ften der jeweiligen Arbeitsfelder erstellt. Den Gro\u00dfteil davon k\u00f6nnt Ihr Euch kostenlos im\u00a0BJR-Shop downloaden Solltet [&hellip;]<\/p>\n","protected":false},"author":2,"featured_media":82,"parent":0,"menu_order":0,"comment_status":"closed","ping_status":"closed","template":"","meta":{"_acf_changed":false,"footnotes":""},"class_list":["post-14","page","type-page","status-publish","has-post-thumbnail","hentry"],"acf":[],"_links":{"self":[{"href":"https:\/\/agjb.stefanfejfar.p01.wpspace.partners\/index.php?rest_route=\/wp\/v2\/pages\/14","targetHints":{"allow":["GET"]}}],"collection":[{"href":"https:\/\/agjb.stefanfejfar.p01.wpspace.partners\/index.php?rest_route=\/wp\/v2\/pages"}],"about":[{"href":"https:\/\/agjb.stefanfejfar.p01.wpspace.partners\/index.php?rest_route=\/wp\/v2\/types\/page"}],"author":[{"embeddable":true,"href":"https:\/\/agjb.stefanfejfar.p01.wpspace.partners\/index.php?rest_route=\/wp\/v2\/users\/2"}],"replies":[{"embeddable":true,"href":"https:\/\/agjb.stefanfejfar.p01.wpspace.partners\/index.php?rest_route=%2Fwp%2Fv2%2Fcomments&post=14"}],"version-history":[{"count":4,"href":"https:\/\/agjb.stefanfejfar.p01.wpspace.partners\/index.php?rest_route=\/wp\/v2\/pages\/14\/revisions"}],"predecessor-version":[{"id":276,"href":"https:\/\/agjb.stefanfejfar.p01.wpspace.partners\/index.php?rest_route=\/wp\/v2\/pages\/14\/revisions\/276"}],"wp:featuredmedia":[{"embeddable":true,"href":"https:\/\/agjb.stefanfejfar.p01.wpspace.partners\/index.php?rest_route=\/wp\/v2\/media\/82"}],"wp:attachment":[{"href":"https:\/\/agjb.stefanfejfar.p01.wpspace.partners\/index.php?rest_route=%2Fwp%2Fv2%2Fmedia&parent=14"}],"curies":[{"name":"wp","href":"https:\/\/api.w.org\/{rel}","templated":true}]}}